 is divided by 347?
346
What is the remainder when 7327 is divided by 488?
7
What is the remainder when 759803 is divided by 57?
50
Calculate the remainder when 2681 is divided by 319.
129
Calculate the remainder when 5427880 is divided by 171.
169
Calculate the remainder when 248620 is divided by 444.
424
What is the remainder when 38105 is divided by 9?
8
What is the remainder when 205007 is divided by 8?
7
Calculate the remainder when 708 is divided by 353.
2
What is the remainder when 26479 is divided by 91?
89
Calculate the remainder when 30495 is divided by 17.
14
Calculate the remainder when 124 is divided by 8.
4
What is the remainder when 1376 is divided by 123?
23
Calculate the remainder when 88802 is divided by 33.
32
Calculate the remainder when 1888 is divided by 39.
16
Calculate the remainder when 11490 is divided by 429.
336
Calculate the remainder when 1429 is divided by 1062.
367
Calculate the remainder when 3675 is divided by 461.
448
Calculate the remainder when 11644 is divided by 5816.
12
Calculate the remainder when 371234 is divided by 11.
6
What is the remainder when 24758 is divided by 203?
195
Calculate the remainder when 34719 is divided by 847.
839
Calculate the remainder when 47322 is divided by 427.
352
What is the remainder when 1747185 is divided by 2272?
17
What is the remainder when 21495 is divided by 83?
81
Calculate the remainder when 90244 is divided by 22560.
4
What is the remainder when 31607 is divided by 10513?
68
What is the remainder when 66297 is divided by 26?
23
Calculate the remainder when 1310 is divided by 25.
10
Calculate the remainder when 441 is divided by 275.
166
What is the remainder when 11991 is divided by 162?
3
What is the remainder when 2752349 is divided by 101?
99
Calculate the remainder when 1150 is divided by 563.
24
What is the remainder when 37354 is divided by 34?
22
Calculate the remainder when 373549 is divided by 22.
11
What is the remainder when 3706 is divided by 3657?
49
Calculate the remainder when 345679 is divided by 20.
19
What is the remainder when 6169 is divided by 3000?
169
What is the remainder when 65908 is divided by 611?
531
Calculate the remainder when 4671 is divided by 934.
1
Calculate the remainder when 3018 is divided by 430.
8
What is the remainder when 1147 is divided by 447?
253
Calculate the remainder when 1180 is divided by 224.
60
What is the remainder when 9024 is divided by 13?
2
Calculate the remainder when 35550 is divided by 468.
450
Calculate the remainder when 1345 is divided by 1325.
20
Calculate the remainder when 18178 is divided by 83.
1
Calculate the remainder when 937600 is divided by 31.
5
Calculate the remainder when 30799 is divided by 204.
199
What is the remainder when 179628 is divided by 1382?
1350
Calculate the remainder when 920039 is divided by 268.
263
What is the remainder when 8040 is divided by 1337?
18
Calculate the remainder when 21899 is divided by 420.
59
Calculate the remainder when 12694 is divided by 5.
4
Calculate the remainder when 687719 is divided by 66.
65
Calculate the remainder when 104112 is divided by 14872.
8
What is the remainder when 112028 is divided by 12?
8
Calculate the remainder when 41189 is divided by 375.
314
What is the remainder when 1278 is divided by 64?
62
What is the remainder when 24521 is divided by 327?
323
Calculate the remainder when 6694 is divided by 2221.
31
Calculate the remainder when 12306 is divided by 586.
0
What is the remainder when 68938 is divided by 95?
63
What is the remainder when 20085 is divided by 108?
105
Calculate the remainder when 14354 is divided by 599.
577
What is the remainder when 26492 is divided by 24?
20
What is the remainder when 14736 is divided by 54?
48
What is the remainder when 148793 is divided by 69?
29
Calculate the remainder when 20968 is divided by 55.
13
What is the remainder when 2579 is divided by 2567?
12
Calculate the remainder when 42224 is divided by 491.
489
What is the remainder when 154903 is divided by 31?
27
Calculate the remainder when 25324 is divided by 12660.
4
Calculate the remainder when 486 is divided by 168.
150
What is the remainder when 19363 is divided by 46?
43
What is the remainder when 41813 is divided by 891?
827
What is the remainder when 15455 is divided by 238?
223
Calculate the remainder when 74733 is divided by 37322.
89
What is the remainder when 6570008 is divided by 823?
822
What is the remainder when 61880 is divided by 12374?
10
Calculate the remainder when 4112673 is divided by 207.
204
What is the remainder when 1525 is divided by 375?
25
What is the remainder when 386098 is divided by 225?
223
Calculate the remainder when 7133 is divided by 195.
113
Calculate the remainder when 90262 is divided by 250.
12
What is the remainder when 3449 is divided by 1130?
59
Calculate the remainder when 97676 is divided by 729.
719
Calculate the remainder when 96289 is divided by 3100.
189
Calculate the remainder when 7242 is divided by 175.
67
What is the remainder when 61428 is divided by 33?
15
What is the remainder when 2453 is divided by 899?
655
What is the remainder when 3997 is divided by 3981?
16
What is the remainder when 14785 is divided by 170?
165
Calculate the remainder when 673546 is divided by 6.
4
Calculate the remainder when 12993 is divided by 146.
145
What is the remainder when 2784 is divided by 46?
24
Calculate the remainder when 12554 is divided by 159.
152
What is the remainder when 2996 is divided by 2955?
41
Calculate the remainder when 28847 is divided by 875.
847
Calculate the remainder when 2037424 is divided by 160.
144
Calculate the remainder when 30496 is divided by 5011.
430
What is the remainder when 134808 is divided by 9?
6
What is the remainder when 6963 is divided by 461?
48
Calculate the remainder when 1069 is divided by 356.
1
What is the remainder when 18934 is divided by 22?
14
Calculate the remainder when 2442 is divided by 200.
42
Calculate the remainder when 41250 is divided by 457.
120
What is the remainder when 19642 is divided by 96?
58
What is the remainder when 46282 is divided by 2315?
2297
What is the remainder when 16059 is divided by 556?
491
Calculate the remainder when 2457047 is divided by 88.
87
Calculate the remainder when 26682 is divided by 129.
108
What is the remainder when 5420 is divided by 903?
2
What is the remainder when 7807 is divided by 1130?
1027
Calculate the remainder when 2688 is divided by 87.
78
Calculate the remainder when 53308 is divided by 79.
62
What is the remainder when 54844 is divided by 33?
31
What is the remainder when 9951 is divided by 9944?
7
What is the remainder when 2366 is divided by 216?
206
Calculate the remainder when 536473 is divided by 238.
21
Calculate the remainder when 4095 is divided by 199.
115
Calculate the remainder when 983 is divided by 57.
14
Calculate the remainder when 230431 is divided by 512.
31
Calculate the remainder when 106942 is divided by 247.
238
Calculate the remainder when 5590979 is divided by 18.
17
What is the remainder when 3843440 is divided by 1751?
1746
What is the remainder when 10199 is divided by 1019?
9
What is the remainder when 82943 is divided by 178?
173
Calculate the remainder when 85457 is divided by 405.
2
What is the remainder when 3389 is divided by 102?
23
Calculate the remainder when 175646 is divided by 176.
174
What is the remainder when 109454 is divided by 18241?
8
Calculate the remainder when 47462 is divided by 22.
8
Calculate the remainder when 1148 is divided by 513.
122
Calculate the remainder when 8773 is divided by 41.
40
What is the remainder when 6352 is divided by 179?
87
Calculate the remainder when 81685 is divided by 30.
25
Calculate the remainder when 11528 is divided by 960.
8
Calculate the remainder when 29613 is divided by 32.
13
What is the remainder when 27957 is divided by 39?
33
Calculate the remainder when 5889 is divided by 423.
390
Calculate the remainder when 283502 is divided by 26.
24
Calculate the remainder when 75239 is divided by 99.
98
Calculate the remainder when 2670 is divided by 1464.
1206
What is the remainder when 59253 is divided by 50?
3
Calculate the remainder when 8284 is divided by 41.
2
Calculate the remainder when 53231 is di